{"id":211271,"date":"2018-02-08T11:30:18","date_gmt":"2018-02-08T14:30:18","guid":{"rendered":"https:\/\/miniefoods.com\/site\/?post_type=product&#038;p=211271"},"modified":"2022-08-17T12:16:49","modified_gmt":"2022-08-17T15:16:49","slug":"30-postres","status":"publish","type":"product","link":"https:\/\/miniefoods.com\/site\/producto\/30-postres\/","title":{"rendered":"30 Postres"},"content":{"rendered":"<p>Los postres tienen de 80 a 150 calor\u00edas.<br \/>\nLos flanes, delicia de lim\u00f3n y postres con gelatina entre 80 y 100 calor\u00edas.<br \/>\nLos que tienen ricota como el ricot\u00f3n, tarta de manzana, y bud\u00edn de naranja alrededor de 150 calor\u00edas.<\/p>\n","protected":false},"excerpt":{"rendered":"<hr \/>\n<p><span style=\"color: #ffffff;\">.<\/span><\/p>\n<h3><span style=\"color: #d23f0c;\"> Cuando termine de elegir los <strong>30<\/strong> postres, <\/span><span style=\"color: #d23f0c;\">se habilitar\u00e1 el bot\u00f3n \u00abA\u00f1adir al carrito\u00bb al final de la lista<\/span><\/h3>\n<p>&nbsp;<\/p>\n","protected":false},"featured_media":211357,"comment_status":"closed","ping_status":"closed","template":"","meta":{"_et_pb_use_builder":"","_et_pb_old_content":"","_et_gb_content_width":""},"product_brand":[],"product_cat":[35],"product_tag":[36],"class_list":{"0":"post-211271","1":"product","2":"type-product","3":"status-publish","4":"has-post-thumbnail","6":"product_cat-promo-postres","7":"product_tag-promo","9":"first","10":"instock","11":"sale","12":"featured","13":"shipping-taxable","14":"purchasable","15":"product-type-bundle"},"bundled_by":[],"bundle_stock_status":"instock","bundle_stock_quantity":"","bundle_virtual":false,"bundle_layout":"tabular","bundle_add_to_cart_form_location":"default","bundle_editable_in_cart":true,"bundle_sold_individually_context":"product","bundle_item_grouping":"parent","bundle_min_size":30,"bundle_max_size":30,"bundle_price":{"price":{"min":{"incl_tax":"2580","excl_tax":"2580"},"max":{"incl_tax":"2580","excl_tax":"2580"}},"regular_price":{"min":{"incl_tax":"2940","excl_tax":"2940"},"max":{"incl_tax":"2940","excl_tax":"2940"}}},"bundled_items":[{"bundled_item_id":190,"product_id":211231,"menu_order":0,"quantity_min":0,"quantity_max":30,"quantity_default":0,"priced_individually":false,"shipped_individually":false,"override_title":false,"title":"","override_description":false,"description":"","optional":false,"hide_thumbnail":true,"discount":"","override_variations":false,"allowed_variations":[],"override_default_variation_attributes":false,"default_variation_attributes":[],"single_product_visibility":"visible","cart_visibility":"hidden","order_visibility":"visible","single_product_price_visibility":"visible","cart_price_visibility":"visible","order_price_visibility":"visible","stock_status":"in_stock"},{"bundled_item_id":191,"product_id":211232,"menu_order":1,"quantity_min":0,"quantity_max":30,"quantity_default":0,"priced_individually":false,"shipped_individually":false,"override_title":false,"title":"","override_description":false,"description":"","optional":false,"hide_thumbnail":true,"discount":"","override_variations":false,"allowed_variations":[],"override_default_variation_attributes":false,"default_variation_attributes":[],"single_product_visibility":"visible","cart_visibility":"hidden","order_visibility":"visible","single_product_price_visibility":"visible","cart_price_visibility":"visible","order_price_visibility":"visible","stock_status":"in_stock"},{"bundled_item_id":192,"product_id":211233,"menu_order":2,"quantity_min":0,"quantity_max":30,"quantity_default":0,"priced_individually":false,"shipped_individually":false,"override_title":false,"title":"","override_description":false,"description":"","optional":false,"hide_thumbnail":true,"discount":"","override_variations":false,"allowed_variations":[],"override_default_variation_attributes":false,"default_variation_attributes":[],"single_product_visibility":"visible","cart_visibility":"hidden","order_visibility":"visible","single_product_price_visibility":"visible","cart_price_visibility":"visible","order_price_visibility":"visible","stock_status":"in_stock"},{"bundled_item_id":193,"product_id":211234,"menu_order":3,"quantity_min":0,"quantity_max":30,"quantity_default":0,"priced_individually":false,"shipped_individually":false,"override_title":false,"title":"","override_description":false,"description":"","optional":false,"hide_thumbnail":true,"discount":"","override_variations":false,"allowed_variations":[],"override_default_variation_attributes":false,"default_variation_attributes":[],"single_product_visibility":"visible","cart_visibility":"hidden","order_visibility":"visible","single_product_price_visibility":"visible","cart_price_visibility":"visible","order_price_visibility":"visible","stock_status":"in_stock"},{"bundled_item_id":194,"product_id":211235,"menu_order":4,"quantity_min":0,"quantity_max":30,"quantity_default":0,"priced_individually":false,"shipped_individually":false,"override_title":false,"title":"","override_description":false,"description":"","optional":false,"hide_thumbnail":true,"discount":"","override_variations":false,"allowed_variations":[],"override_default_variation_attributes":false,"default_variation_attributes":[],"single_product_visibility":"visible","cart_visibility":"hidden","order_visibility":"visible","single_product_price_visibility":"visible","cart_price_visibility":"visible","order_price_visibility":"visible","stock_status":"in_stock"},{"bundled_item_id":195,"product_id":211236,"menu_order":5,"quantity_min":0,"quantity_max":30,"quantity_default":0,"priced_individually":false,"shipped_individually":false,"override_title":false,"title":"","override_description":false,"description":"","optional":false,"hide_thumbnail":true,"discount":"","override_variations":false,"allowed_variations":[],"override_default_variation_attributes":false,"default_variation_attributes":[],"single_product_visibility":"visible","cart_visibility":"hidden","order_visibility":"visible","single_product_price_visibility":"visible","cart_price_visibility":"visible","order_price_visibility":"visible","stock_status":"in_stock"},{"bundled_item_id":196,"product_id":211238,"menu_order":6,"quantity_min":0,"quantity_max":30,"quantity_default":0,"priced_individually":false,"shipped_individually":false,"override_title":false,"title":"","override_description":false,"description":"","optional":false,"hide_thumbnail":true,"discount":"","override_variations":false,"allowed_variations":[],"override_default_variation_attributes":false,"default_variation_attributes":[],"single_product_visibility":"visible","cart_visibility":"hidden","order_visibility":"visible","single_product_price_visibility":"visible","cart_price_visibility":"visible","order_price_visibility":"visible","stock_status":"in_stock"},{"bundled_item_id":197,"product_id":211239,"menu_order":7,"quantity_min":0,"quantity_max":30,"quantity_default":0,"priced_individually":false,"shipped_individually":false,"override_title":false,"title":"","override_description":false,"description":"","optional":false,"hide_thumbnail":true,"discount":"","override_variations":false,"allowed_variations":[],"override_default_variation_attributes":false,"default_variation_attributes":[],"single_product_visibility":"visible","cart_visibility":"hidden","order_visibility":"visible","single_product_price_visibility":"visible","cart_price_visibility":"visible","order_price_visibility":"visible","stock_status":"in_stock"},{"bundled_item_id":198,"product_id":211240,"menu_order":8,"quantity_min":0,"quantity_max":30,"quantity_default":0,"priced_individually":false,"shipped_individually":false,"override_title":false,"title":"","override_description":false,"description":"","optional":false,"hide_thumbnail":true,"discount":"","override_variations":false,"allowed_variations":[],"override_default_variation_attributes":false,"default_variation_attributes":[],"single_product_visibility":"visible","cart_visibility":"hidden","order_visibility":"visible","single_product_price_visibility":"visible","cart_price_visibility":"visible","order_price_visibility":"visible","stock_status":"in_stock"}],"bundle_sell_ids":[],"_links":{"self":[{"href":"https:\/\/miniefoods.com\/site\/wp-json\/wp\/v2\/product\/211271","targetHints":{"allow":["GET"]}}],"collection":[{"href":"https:\/\/miniefoods.com\/site\/wp-json\/wp\/v2\/product"}],"about":[{"href":"https:\/\/miniefoods.com\/site\/wp-json\/wp\/v2\/types\/product"}],"replies":[{"embeddable":true,"href":"https:\/\/miniefoods.com\/site\/wp-json\/wp\/v2\/comments?post=211271"}],"wp:featuredmedia":[{"embeddable":true,"href":"https:\/\/miniefoods.com\/site\/wp-json\/wp\/v2\/media\/211357"}],"wp:attachment":[{"href":"https:\/\/miniefoods.com\/site\/wp-json\/wp\/v2\/media?parent=211271"}],"wp:term":[{"taxonomy":"product_brand","embeddable":true,"href":"https:\/\/miniefoods.com\/site\/wp-json\/wp\/v2\/product_brand?post=211271"},{"taxonomy":"product_cat","embeddable":true,"href":"https:\/\/miniefoods.com\/site\/wp-json\/wp\/v2\/product_cat?post=211271"},{"taxonomy":"product_tag","embeddable":true,"href":"https:\/\/miniefoods.com\/site\/wp-json\/wp\/v2\/product_tag?post=211271"}],"curies":[{"name":"wp","href":"https:\/\/api.w.org\/{rel}","templated":true}]}}